 -3*g - k + 114 + 143 = h, -5*g + 433 = -3*k. What is the remainder when g is divided by 22?
20
Let d = 415 - 380. Suppose -1480 = d*f - 55*f. What is the remainder when f is divided by 4?
2
Suppose -208*y + 4*r = -213*y + 108, 5*r = -40. What is the remainder when 5932 is divided by y?
24
Suppose l + 5*n - 841 + 729 = 0, 3*l = 5*n + 356. Calculate the remainder when 429 is divided by l.
78
Let c(r) = r**2 - 19*r + 81. Let d be c(13). What is the remainder when -6 + d - (-1 - (-8 - -225)) is divided by 18?
17
Suppose -3963 = -265*i - 1048. What is the remainder when (-244)/(-8) + 1/2 is divided by i?
9
Suppose 22*a + 443 - 1455 = 0. Suppose 3*j - 65 = -5*o, -29 = -3*j - 2*o + 33. What is the remainder when a is divided by j?
6
Suppose -2*q - 3*x = -210, -4*x - 55 - 155 = -2*q. Suppose -5*p + 40 = -q. What is the remainder when 139 is divided by p?
23
Let f = -9 - -42. Suppose -10 - 10 = 5*x, -3*u + 5*x = -101. Suppose 4*w - u = 45. Calculate the remainder when f is divided by w.
15
Let f(x) = -107*x - 4. Calculate the remainder when f(-6) is divided by 2*18*4/9.
14
Let u be (-6)/(3/5 - (-27)/30). Let a be (-1*24/(-42))/(u/(-14)). Suppose -a*v - h = -14 - 43, -3*v + 92 = -5*h. What is the remainder when 115 is divided by v?
28
Let u = 32 + -88. Suppose -7*y = -86*y + 5688. Let b = u + y. Calculate the remainder when 26 is divided by b.
10
Let u(v) = v**2 - 15*v - 25. Let k = 266 - 180. Calculate the remainder when u(-8) is divided by k.
73
Suppose -z - 267 = -5*t, -155 = -3*t - 4*z + 2*z. Suppose 11*c + 30 = 13*c. What is the remainder when t is divided by c?
8
What is the remainder when 1323 is divided by (-2)/5 - 100016/(-3290)?
3
Suppose -2547*a + 2483*a = -2304. Calculate the remainder when 129 is divided by a.
21
Let d(i) = -10*i - 3. Let m = 418 + -398. Suppose m*c + 54*c - 740 = 0. What is the remainder when d(-2) is divided by c?
7
Let a(n) = 3*n**2 + 3*n - 1. Calculate the remainder when (3960/18480)/((-1)/(-322)) is divided by a(3).
34
Suppose -3118 = -34*b + 7*b + 1256. What is the remainder when 1133 is divided by b?
161
Let z(m) be the first derivative of 62*m**2 - 6*m + 10. Let f be z(-1). What is the remainder when (-7)/28 - f/8 is divided by 6?
4
Let q = 5233 + -5026. What is the remainder when 411 is divided by q?
204
Let q(m) be the second derivative of m**4/12 + 22*m**3/3 - 73*m**2/2 + 207*m. Calculate the remainder when q(-50) is divided by 44 + (-1)/((-3)/6).
43
Let b = -28 + 71. Calculate the remainder when (12 + 1056/(-55))/((-4)/90) is divided by b.
33
Let p = 10093 + -10058. Calculate the remainder when 3499 is divided by p.
34
Suppose 31*m + 178860 - 498823 = -12*m. Calculate the remainder when m is divided by 2475.
16
Let t = 1578 + -1130. What is the remainder when t is divided by 43?
18
Let k(o) = -o**2 + 3*o + 2. Suppose 54*u = 51*u + 9. Let l be k(u). Suppose -5*c = 5, l*c + 0*c - 54 = -4*v. What is the remainder when v is divided by 6?
2
Suppose 2*y = -5*t + 443, 28*t = 4*y + 29*t - 913. Calculate the remainder when y is divided by 13.
8
Let y = 36 + -26. Let k = 8186 + -8183. Calculate the remainder when y is divided by k.
1
Let o = 1377 + -1271. Suppose -2*a + 6*a + 4*n = 224, -n - 56 = -a. Calculate the remainder when o is divided by a.
50
Let h(z) = 3*z**3 + 2*z**2 - z - 35. Calculate the remainder when 11833 is divided by h(3).
60
Let b(h) = -h**3 + 79*h**2 + 15*h + 199. What is the remainder when b(79) is divided by 33?
31
Suppose -5*l = -59 - 161. Let u be (-14105)/104 - 3/8. Let d = -120 - u. What is the remainder when l is divided by d?
12
Let o = -589 - -606. Suppose 4*a = -4*i - 108, 31 = -a - i - 2*i. Let l = a - -73. What is the remainder when l is divided by o?
14
Let n(j) be the first derivative of 27*j**2/2 - 44*j - 152. Calculate the remainder when n(4) is divided by 18.
10
Suppose 22 = 5*z + 3*p, z + 9 = 2*z - 4*p. Suppose 4*n + b + 52 - 248 = 0, 2*n - 80 = -z*b. Calculate the remainder when n is divided by 21.
8
Suppose -2*t + 3037 = -2755. What is the remainder when t is divided by 42?
40
Let u = -840 + 447. Let l = u + 458. Calculate the remainder when l is divided by 42.
23
Let g(z) = -3*z - 20. Let t be g(-8). Suppose t*r + 0*r = 84. Let k = -16 + r. What is the remainder when 47 is divided by k?
2
Let n be 216 + 4 - (7 + -6). Suppose 33*i - 342 = n. Calculate the remainder when 303 is divided by i.
14
Suppose l - 4*l + 71 = v, 3*v - 52 = -2*l. Let b = 2095 - 1983. What is the remainder when b is divided by l?
20
Calculate the remainder when (40278/882)/((-1)/(-3)) is divided by 49 + (-1 - 2/1).
45
Let u = 11 + -5. Suppose 228 = 2*v + 4*v. Suppose 4*p - u = v. What is the remainder when 31 is divided by p?
9
Let l be (6/(-15))/((-2)/(-110)). Let v = l + 37. Suppose -6*q + 78 + 270 = 0. What is the remainder when q is divided by v?
13
Suppose -10*t = 10*t - 60. Suppose -2*h - 3*s = -8*s - 18, 2*h - t*s = 22. Let n(u) = -3*u**3 + u**2 - 1. What is the remainder when h is divided by n(-1)?
2
Suppose -j = 9*j. Suppose 10*n - 2*n - 704 = j. Let d = n - 29. What is the remainder when d is divided by 30?
29
Suppose -22 = 2*g - 30. Suppose -g*v + 117 = -5*j + 8*j, -5*j = -3*v - 224. What is the remainder when j is divided by 20?
3
Let l = -1244 + 532. Let p = l - -828. What is the remainder when p is divided by 8?
4
Suppose 2*y - 4*f = 34, 3*y - 32*f - 48 = -29*f. What is the remainder when 83 is divided by y?
8
Suppose 5*h - 684 = -4*h. Suppose -19*q + 24*q = 0. Suppose 2*i - k - 43 = q, -4*i + 2*k + 71 = 5*k. Calculate the remainder when h is divided by i.
16
Let w be 39 - (1/(-4))/(5/(-100)). What is the remainder when 375 is divided by w + ((-26)/(-7) - 8/(-28))?
33
Let w be 104/(-39)*3/(-2). Suppose w*i - 174 = 2*i. What is the remainder when i is divided by 24?
15
Calculate the remainder when 496 is divided by 6 + (372/36 - 10 - 502/(-6)).
46
Suppose 0 = -x - 3*x - 54 + 446. What is the remainder when 578 is divided by x?
88
Let u(j) = 6*j**2 + 14*j + 3. Let o be u(5). Let s = o - 217. Suppose 0 = -3*d + 18 + 21. Calculate the remainder when d is divided by s.
1
Let r(t) = 11*t + 184. Let d be r(-14). Calculate the remainder when 4148/92 - d/345 is divided by 43.
2
Suppose -3*a + 2*k = -90, -2*k = a - 5*k - 30. Calculate the remainder when 26412/a - (-18)/30 is divided by 68.
65
Let b(a) = -a**2 - 20*a - 21. Let i(v) = 7 - 75*v + 133*v - 1 - 71*v. Calculate the remainder when b(-6) is divided by i(-2).
31
Let x(p) = 5*p**2 - 3*p - 9. Suppose 15*b - 903 = 8*b. Calculate the remainder when b is divided by x(-3).
39
Let j be (15/(-10))/(((-15)/(-64))/(-5)). Let d = 34 - j. Suppose -2*y + 34 - 9 = 3*r, d*y - 20 = -2*r. What is the remainder when 17 is divided by r?
2
Let a = 106 - 62. Suppose 2*n - 56 + 218 = 0. Let r = -72 - n. What is the remainder when a is divided by r?
8
Suppose n + 2*t = -3*n + 552, 5*t - 421 = -3*n. Calculate the remainder when n is divided by 40/15 - (306/162)/(3/(-18)).
11
Let z = -489 + 517. Calculate the remainder when 2038 is divided by z.
22
Suppose -4*j - 222 = -a + 229, 0 = j + 4. Let m be 4*(a/(-12))/1. Let u = -32 - m. What is the remainder when u is divided by 58?
55
Suppose 0 = -0*j + j - s - 4, s = -5*j + 38. Let f(o) = 3*o**2 - 18*o + 23. Let a = 84 - 60. What is the remainder when f(j) is divided by a?
20
Let r = 231 + -143. Let y = 277 - r. What is the remainder when y is divided by 38?
37
Let v(l) be the second derivative of 33*l**5/20 - l**4/6 + l**3/3 - l**2/2 + 67*l. Calculate the remainder when v(1) is divided by 5.
2
Let a(l) = -52*l + 6. Let z be a(-3). Suppose -s = 5*s - z. Let o(j) = 4*j**2 + 27*j - 60. What is the remainder when s is divided by o(2)?
7
What is the remainder when 80 is divided by 1938/24 - (-7)/((-224)/24)?
0
Let l be ((-45)/10 + 3)/(10/(-1820)). Let u = -114 + l. Calculate the remainder when u is divided by 43.
30
Let b be (-8)/14*(21/(-2) + 0). Suppose -b*l = -15 - 33. Calculate the remainder when 125 is divided by l.
5
Let s(g) = -10*g + 918. What is the remainder when 335 is divided by s(83)?
71
Suppose -5*i = -2*o - 39, -2 + 5 = o. Suppose -4*u - 3*k + 309 = 0, -u + 57 = k - 20. Calculate the remainder when u is divided by (-90)/(i/(-3)) + -3.
24
Calculate the remainder when (-51)/(-119) - 1082/(22/(-2) - -4) is divided b